{"id":907,"date":"2023-07-07T16:21:00","date_gmt":"2023-07-07T16:21:00","guid":{"rendered":"https:\/\/mundoletroso.com.ar\/blog\/orden-de-lectura-universo-asesinos-shifters-sandrine-gasq-dion-junio-2023\/"},"modified":"2025-12-06T17:12:49","modified_gmt":"2025-12-06T20:12:49","slug":"orden-de-lectura-universo-asesinos-shifters-sandrine-gasq-dion","status":"publish","type":"page","link":"https:\/\/mundoletroso.com.ar\/blog\/orden-de-lectura-universo-asesinos-shifters-sandrine-gasq-dion\/","title":{"rendered":"[ORDEN DE LECTURA] Universo Asesinos Shifters &#8211; Sandrine Gasq-Dion (Junio 2023)"},"content":{"rendered":"<p>&nbsp;<\/p>\n<div class=\"separator\" style=\"clear: both; text-align: center;\"><span style=\"font-family: Catamaran; font-size: 17px;\"><a style=\"margin-left: 1em; margin-right: 1em;\" href=\"https:\/\/i.imgur.com\/4TKX3Kj.png\"><img loading=\"lazy\" decoding=\"async\" src=\"https:\/\/i.imgur.com\/4TKX3Kj.png\" width=\"496\" height=\"280\" border=\"0\" data-original-height=\"451\" data-original-width=\"800\" \/><\/a><\/span><\/div>\n<div class=\"separator\" style=\"clear: both; text-align: center;\">\u00a0<\/div>\n<div class=\"separator\" style=\"clear: both; text-align: center;\"><span style=\"font-family: Catamaran; font-size: 17px;\"><b><i><span style=\"color: #6aa84f;\">\u00daltima actualizaci\u00f3n: 28\/06\/2023<\/span><\/i><\/b><\/span><\/div>\n<div class=\"separator\" style=\"clear: both; text-align: left;\">\u00a0<\/div>\n<div class=\"separator\" style=\"clear: both; text-align: left;\">\u00a0<\/div>\n<div class=\"separator\" style=\"clear: both; text-align: left;\">\u00a0<\/div>\n<div class=\"separator\" style=\"clear: both; text-align: left;\">\u00a0<\/div>\n<div class=\"separator\" style=\"clear: both; text-align: left;\"><span style=\"color: #ffa400; font-family: Catamaran; font-size: 20px;\"><b>Series que conforman el universo:\u00a0<\/b><\/span><\/div>\n<div class=\"separator\" style=\"clear: both; text-align: left;\">\u00a0<\/div>\n<div class=\"separator\" style=\"clear: both; text-align: left;\"><span style=\"font-family: Catamaran; font-size: 17px;\"><span style=\"color: #2b00fe; font-size: 20px;\"><b>&#8211;\u00a0<a href=\"https:\/\/mundoletroso.com.ar\/blog\/2023\/07\/07\/1-assassin-shifter-sandrine-gasq-dion-universo-shifters-asesinos-espanol\/\" target=\"_blank\" rel=\"noopener\">Assassin shifter<\/a><\/b><\/span><br \/>\n<span style=\"font-size: 20px;\"><b style=\"color: #2b00fe;\">&#8211; <a href=\"https:\/\/mundoletroso.com.ar\/blog\/2023\/07\/07\/2-the-12-olympians-sandrine-gasq-dion-universo-shifters-asesinos-espanol\/\" target=\"_blank\" rel=\"noopener\">The 12 Olympians<\/a><\/b><\/span><br \/>\n<b style=\"color: #2b00fe;\"><span style=\"font-size: 20px;\">&#8211; <\/span><a href=\"https:\/\/mundoletroso.com.ar\/blog\/2023\/07\/23\/3-santorno-sandrine-gasq-dion-universo-shifters-asesinos-espanol\/\" target=\"_blank\" rel=\"noopener\"><span style=\"font-size: 20px;\">Santorno<\/span><\/a><\/b><\/span><\/p>\n<div style=\"text-align: left;\">\u00a0<\/div>\n<div>\u00a0<\/div>\n<div><span style=\"font-family: Catamaran; font-size: 17px;\">Si llegar\u00e1n a agregarse a futuro algunos libros se ir\u00e1n actualizando en la publicaci\u00f3n.<\/span><\/div>\n<div><span style=\"font-family: Catamaran; font-size: 17px;\">Los que est\u00e9n en <b><span style=\"color: red;\">ROJO<\/span><\/b> es porque no se encuentran disponibles aun en el blog.\u00a0\u00a0<\/span><\/div>\n<div><span style=\"font-family: Catamaran; font-size: 17px;\">Si quieren aportar alguna informaci\u00f3n pueden comentar la publicaci\u00f3n.<\/span><\/div>\n<div>\u00a0<\/div>\n<div>\u00a0<\/div>\n<div>\u00a0<\/div>\n<div>\u00a0<\/div>\n<div><span style=\"color: #38761d; font-size: 17px; font-family: Catamaran;\"><b>ORDEN DE LECTURA<\/b><\/span><\/div>\n<div>\u00a0<\/div>\n<div>\u00a0<\/div>\n<div>\n<div><span style=\"font-family: Catamaran; font-size: 17px;\">1. A Marked Man &#8211; Assassin Shifter<\/span><\/div>\n<div><span style=\"font-family: Catamaran; font-size: 17px;\">2. Alaska, with Love &#8211; Assassin Shifter\u00a0<\/span><\/div>\n<div><span style=\"font-family: Catamaran; font-size: 17px;\">3. By the Light of the Moon &#8211; Assassin Shifter<\/span><\/div>\n<div><span style=\"font-family: Catamaran; font-size: 17px;\">4. Half Moon Rising &#8211; Assassin Shifter\u00a0<\/span><\/div>\n<div><span style=\"font-family: Catamaran; font-size: 17px;\">5. Best Laid Plans &#8211; Assassin Shifter<\/span><\/div>\n<div><span style=\"font-family: Catamaran; font-size: 17px;\">6. For the Love of Caden &#8211; Assassin Shifter\u00a0<\/span><\/div>\n<div><span style=\"font-family: Catamaran; font-size: 17px;\">7. The General&#8217;s Lover &#8211; Assassin Shifter<\/span><\/div>\n<div><span style=\"font-family: Catamaran; font-size: 17px;\">8. Russian Prey &#8211; Assassin Shifter<\/span><\/div>\n<div><span style=\"font-family: Catamaran; font-size: 17px;\">9. An Ignited Passion &#8211; Assassin Shifter<\/span><\/div>\n<div><span style=\"font-family: Catamaran; font-size: 17px;\">10. Reflash &#8211; Assassin Shifter<\/span><\/div>\n<div><span style=\"font-family: Catamaran; font-size: 17px;\">11. The Red Zone &#8211; Assassin Shifter<\/span><\/div>\n<div><span style=\"font-family: Catamaran; font-size: 17px;\">12. Irish Wishes &#8211; Assassin Shifter<\/span><\/div>\n<div><span style=\"font-family: Catamaran; font-size: 17px;\">13. Pleading the Fifth &#8211; Assassin Shifter<\/span><\/div>\n<div><span style=\"font-family: Catamaran; font-size: 17px;\">14. Betrayed &#8211; Assassin Shifter\u00a0<\/span><\/div>\n<div><span style=\"font-family: Catamaran; font-size: 17px;\">15. Summer of Awakenings &#8211; Assassin Shifter<\/span><\/div>\n<div><span style=\"font-family: Catamaran; font-size: 17px;\">16. Into the Lyons Den &#8211; Assassin Shifter\u00a0<\/span><\/div>\n<div><span style=\"font-family: Catamaran; font-size: 17px;\">17. The Nik of Time &#8211; Assassin Shifter<\/span><\/div>\n<div><span style=\"font-family: Catamaran; font-size: 17px;\">18. The Littlest Assassin-Shifters &#8211; Assassin Shifter<\/span><\/div>\n<div><span style=\"font-family: Catamaran; font-size: 17px;\">19. Lessons Learned &#8211; Assassin Shifter<\/span><\/div>\n<div><span style=\"font-family: Catamaran; font-size: 17px;\">20. Broken Bonds &#8211; Assassin Shifter<\/span><\/div>\n<div><span style=\"font-family: Catamaran; font-size: 17px;\">21. Forbidden &#8211; Assassin Shifter<\/span><\/div>\n<\/div>\n<div style=\"text-align: left;\"><span style=\"font-family: Catamaran; font-size: 17px;\">22. Justice For Skylar &#8211; The 12 Olympians<\/span><\/div>\n<div><span style=\"font-family: Catamaran; font-size: 17px;\">23. The Medicine and the Mob &#8211; Santorno<\/span><\/div>\n<div><span style=\"font-family: Catamaran; font-size: 17px;\">24. At Year&#8217;s End &#8211; The 12 Olympians<\/span><\/div>\n<div><span style=\"font-family: Catamaran; font-size: 17px;\">25. Dirty Ross &#8211; Assassin Shifter<\/span><\/div>\n<div><span style=\"font-family: Catamaran; font-size: 17px;\">26. Lux Ex Tenebris &#8211; The 12 Olympians<\/span><\/div>\n<div><span style=\"font-family: Catamaran; font-size: 17px;\">27. Savage Love &#8211; Assassin Shifter<\/span><\/div>\n<div><span style=\"font-family: Catamaran; font-size: 17px;\">28. Strange Addiction &#8211; The 12 Olympians<\/span><\/div>\n<div><span style=\"font-family: Catamaran; font-size: 17px;\">29. An Eye for an Eye &#8211; Santorno<\/span><\/div>\n<div><span style=\"font-family: Catamaran; font-size: 17px;\">30. Ryde the Lightning &#8211; The 12 Olympians<\/span><\/div>\n<div><span style=\"font-family: Catamaran; font-size: 17px;\">31. The Harder They Fall &#8211; Santorno<\/span><\/div>\n<div><span style=\"font-family: Catamaran; font-size: 17px;\">32. Locke and Key &#8211; Assassin Shifter<\/span><\/div>\n<div><span style=\"font-family: Catamaran; font-size: 17px;\">33. What Goes Around &#8211; Santorno<\/span><\/div>\n<div><span style=\"font-family: Catamaran; font-size: 17px;\">34. Karma &#8211; Santorno<\/span><\/div>\n<div><span style=\"font-family: Catamaran; font-size: 17px;\">35. Tricked, Bewildered and Bitten &#8211; Assassin Shifter<\/span><\/div>\n<div><span style=\"font-family: Catamaran; font-size: 17px;\">36. Wraith &#8211; The 12 Olympians<\/span><\/div>\n<div><span style=\"font-family: Catamaran; font-size: 17px;\">37. The Hard Rhoade &#8211; The 12 Olympians<\/span><\/div>\n<div>\n<div><span style=\"font-family: Catamaran; font-size: 17px;\">38. Reflections &#8211; Santorno<\/span><\/div>\n<div><span style=\"font-family: Catamaran; font-size: 17px;\">39. Open Doors &#8211; Santorno<\/span><\/div>\n<div><span style=\"font-family: Catamaran; font-size: 17px;\">40. Beginnings &#8211; Santorno<\/span><\/div>\n<div><span style=\"font-family: Catamaran; font-size: 17px;\">41. Making The Rules &#8211; Santorno<\/span><\/div>\n<div><span style=\"font-family: Catamaran; font-size: 17px;\">42. V Is For Vicious &#8211; Santorno<\/span><\/div>\n<div><span style=\"font-family: Catamaran; font-size: 17px;\">43. Russian Roulette &#8211; Santorno<\/span><\/div>\n<div><span style=\"font-family: Catamaran; font-size: 17px;\">44. Growing Up Santorno &#8211; Santorno\u00a0<\/span><\/div>\n<div><span style=\"font-family: Catamaran; font-size: 17px;\">45. Assassin&#8217;s Angst &#8211; Santorno<\/span><\/div>\n<div><span style=\"font-family: Catamaran; font-size: 17px;\">46. Never Forget &#8211; Santorno\u00a0<\/span><\/div>\n<div><span style=\"font-family: Catamaran; font-size: 17px;\">47. Conquering Love &#8211; Santorno<\/span><\/div>\n<\/div>\n<div>\u00a0<\/div>\n<div>\u00a0<\/div>\n<\/div>\n","protected":false},"excerpt":{"rendered":"<p>&nbsp; \u00a0 \u00daltima actualizaci\u00f3n: 28\/06\/2023 \u00a0 \u00a0 \u00a0 \u00a0 Series que conforman el universo:\u00a0 \u00a0 &#8211;\u00a0Assassin shifter &#8211; The 12 Olympians &#8211; Santorno \u00a0 \u00a0 Si llegar\u00e1n a agregarse a futuro algunos libros se ir\u00e1n actualizando en la publicaci\u00f3n. Los que est\u00e9n en ROJO es porque no se encuentran disponibles aun en el blog.\u00a0\u00a0 Si [&hellip;]<\/p>\n","protected":false},"author":1,"featured_media":0,"parent":0,"menu_order":0,"comment_status":"closed","ping_status":"closed","template":"","meta":{"footnotes":""},"class_list":["post-907","page","type-page","status-publish","hentry"],"_links":{"self":[{"href":"https:\/\/mundoletroso.com.ar\/blog\/wp-json\/wp\/v2\/pages\/907","targetHints":{"allow":["GET"]}}],"collection":[{"href":"https:\/\/mundoletroso.com.ar\/blog\/wp-json\/wp\/v2\/pages"}],"about":[{"href":"https:\/\/mundoletroso.com.ar\/blog\/wp-json\/wp\/v2\/types\/page"}],"author":[{"embeddable":true,"href":"https:\/\/mundoletroso.com.ar\/blog\/wp-json\/wp\/v2\/users\/1"}],"replies":[{"embeddable":true,"href":"https:\/\/mundoletroso.com.ar\/blog\/wp-json\/wp\/v2\/comments?post=907"}],"version-history":[{"count":3,"href":"https:\/\/mundoletroso.com.ar\/blog\/wp-json\/wp\/v2\/pages\/907\/revisions"}],"predecessor-version":[{"id":2433,"href":"https:\/\/mundoletroso.com.ar\/blog\/wp-json\/wp\/v2\/pages\/907\/revisions\/2433"}],"wp:attachment":[{"href":"https:\/\/mundoletroso.com.ar\/blog\/wp-json\/wp\/v2\/media?parent=907"}],"curies":[{"name":"wp","href":"https:\/\/api.w.org\/{rel}","templated":true}]}}