{"id":881,"date":"2025-12-20T23:25:00","date_gmt":"2025-12-21T02:25:00","guid":{"rendered":"https:\/\/mundoletroso.com.ar\/blog\/orden-de-lectura-new-mafia-world-_-michelle-heard-actualizacion-junio-2025\/"},"modified":"2025-12-20T23:25:55","modified_gmt":"2025-12-21T02:25:55","slug":"orden-de-lectura-new-mafia-world-_-michelle-heard","status":"publish","type":"page","link":"https:\/\/mundoletroso.com.ar\/blog\/orden-de-lectura-new-mafia-world-_-michelle-heard\/","title":{"rendered":"[Orden de lectura] New Mafia World _ Michelle Heard \/ Actualizaci\u00f3n Diciembre 2025"},"content":{"rendered":"<p>&nbsp;<\/p>\n<div class=\"separator\" style=\"clear: both; text-align: center;\"><a style=\"margin-left: 1em; margin-right: 1em;\" href=\"https:\/\/i.postimg.cc\/Qthmp74r\/NMW-MH.png\"><img loading=\"lazy\" decoding=\"async\" src=\"https:\/\/i.postimg.cc\/Qthmp74r\/NMW-MH.png\" width=\"482\" height=\"272\" border=\"0\" data-original-height=\"721\" data-original-width=\"1280\" \/><\/a><\/div>\n<div>\u00a0<\/div>\n<div dir=\"ltr\" style=\"background-color: white; color: #303030; , trebuchet, sans-serif;font-size: 14.3px;\">\n<div style=\"text-align: center;\"><span style=\"color: #6aa84f;\"><u style=\"font-size: large;\">ORDEN DE LECTURA<br \/>\nNEW MAFIA WORLD<\/u><\/span><\/div>\n<div style=\"text-align: center;\"><b><span style=\"color: orange;\">\u00a0<\/span><\/b><\/div>\n<div style=\"text-align: center;\">\n<p class=\"alert alert-info\" style=\"background-color: #d1ecf1; border-radius: 4px; color: #0c5460; font-family: Helvetica, sans-serif; font-size: 0.85rem; padding: 15px;\">(Ultima actualizaci\u00f3n 20\/12\/2025)<\/p>\n<\/div>\n<\/div>\n<div style=\"background-color: white; color: #303030; , trebuchet, sans-serif;font-size: 14.3px; text-align: center;\">\u00a0<\/div>\n<div style=\"background-color: white; color: #303030; , trebuchet, sans-serif;font-size: 14.3px; text-align: center;\">\u00a0<\/div>\n<div style=\"background-color: white; color: #303030; , trebuchet, sans-serif;font-size: 14.3px;\">\n<div><span style=\"font-family: Catamaran; font-size: 17px;\">\ud83d\udce2 Aqu\u00ed no se traduce ning\u00fan libro, no nos hacemos responsables de la manera en que son traducidos o corregidos por las personas o grupos que comparten el contenido.<\/span><\/div>\n<div>\u00a0<\/div>\n<div><span style=\"font-family: Catamaran; font-size: 17px;\">\ud83d\udcd7Si se agregan mas o cuando ya sean publicados en el blog&#8230; aqu\u00ed se actualizar\u00e1 las informaci\u00f3n.\u00a0<\/span><\/div>\n<div>\u00a0<\/div>\n<div><span style=\"color: #cc0000; font-family: Catamaran; font-size: 17px;\"><b>[Recuerden, los libros en rojo son libros que no tenemos aun en el blog]<\/b><\/span><\/div>\n<\/div>\n<div style=\"background-color: white; color: #303030; , trebuchet, sans-serif;font-size: 14.3px;\">\u00a0<\/div>\n<p style=\"background-color: white; color: #303030;\"><span style=\"font-family: Catamaran; font-size: 20px; color: #339966;\"><b>Series que componen:<\/b><\/span><\/p>\n<p style=\"background-color: white;\"><span style=\"font-family: Catamaran; font-size: 20px;\"><span style=\"color: #e69138;\">\u2b50 <\/span><span style=\"color: #e69138;\"><a href=\"https:\/\/mundoletroso.com.ar\/blog\/2025\/06\/01\/mafia-empire-_-michelle-heard-%c2%a6-new-mafia-world-espanol\/\" target=\"_blank\" rel=\"noopener\">Mafia Empire<\/a><\/span><br \/>\n<i><span style=\"color: #e69138;\">\u2b50\u00a0<\/span><span style=\"color: red;\">Mafia Legacy<\/span><br \/>\n<span style=\"color: #e69138;\">\u2b50\u00a0<\/span><span style=\"background-color: transparent;\"><span style=\"color: red;\">Mafia Dynasty<\/span><\/span><\/i><\/span><\/p>\n<p style=\"background-color: white;\"><span style=\"font-family: Ubuntu; font-size: medium;\"><i><span style=\"background-color: transparent;\"><span style=\"color: #cc0000;\">\u00a0<\/span><\/span><\/i><\/span><\/p>\n<p><span style=\"font-family: Catamaran; font-size: 17px;\"><strong><span style=\"color: #33cccc;\">1) Mafia Empire<\/span><\/strong><\/p>\n<p>1. The hermit<br \/>\n2.\u00a0The High Priestess<br \/>\n3.\u00a0Death<br \/>\n4.\u00a0The Empress<br \/>\n5.\u00a0The Devil<\/span><\/p>\n<div><span style=\"font-family: Catamaran; font-size: 17px;\">\u00a0<\/span><\/div>\n<div><span style=\"font-family: Catamaran; font-size: 17px;\">\u00a0<\/span><\/div>\n<div>\n<div><span style=\"color: red; font-family: Catamaran; font-size: 17px;\"><b>2) Mafia Legacy<\/b><\/span><\/div>\n<div><span style=\"color: red; font-family: Catamaran; font-size: 17px;\">\u00a0<\/span><\/div>\n<div><span style=\"color: red; font-family: Catamaran; font-size: 17px;\"><i><b>1. The tower\u00a0<\/b><\/i><\/span><\/div>\n<div><span style=\"color: red; font-family: Catamaran; font-size: 17px;\"><i><b>2. King of coins<\/b><\/i><\/span><\/div>\n<div><span style=\"color: red; font-family: Catamaran; font-size: 17px;\"><i><b>3. Queen of coins<\/b><\/i><\/span><\/div>\n<div><span style=\"color: red; font-family: Catamaran; font-size: 17px;\"><i><b>4. Knight of swords<\/b><\/i><\/span><\/div>\n<div><span style=\"color: red; font-family: Catamaran; font-size: 17px;\"><i><b>5. The hanged man<\/b><\/i><\/span><\/div>\n<div><span style=\"color: red; font-family: Catamaran; font-size: 17px;\">\u00a0<\/span><\/div>\n<div><span style=\"color: red; font-family: Catamaran; font-size: 17px;\">\u00a0<\/span><\/div>\n<div><span style=\"color: red; font-family: Catamaran; font-size: 17px;\"><b>3) Mafia Dynasty<\/b><\/span><\/div>\n<div><span style=\"color: red; font-family: Catamaran; font-size: 17px;\">\u00a0<\/span><\/div>\n<div><span style=\"color: red; font-family: Catamaran; font-size: 17px;\"><b><i>1. The lovers<\/i><\/b><\/span><\/div>\n<div><span style=\"color: red; font-family: Catamaran; font-size: 17px;\"><b><i>2. The emperor<\/i><\/b><\/span><\/div>\n<div><span style=\"color: red; font-family: Catamaran; font-size: 17px;\"><b><i>3. Judgement<\/i><\/b><\/span><\/div>\n<div><span style=\"color: red; font-family: Catamaran; font-size: 17px;\"><b><i>4. The magician<\/i><\/b><\/span><\/div>\n<div><span style=\"color: red; font-family: Catamaran; font-size: 17px;\"><b><i>5. The fool<\/i><\/b><\/span><\/div>\n<\/div>\n<div><span style=\"color: red; font-family: Ubuntu; font-size: medium;\"><b><i>\u00a0<\/i><\/b><\/span><\/div>\n<div><span style=\"color: red; font-family: Ubuntu; font-size: medium;\"><b><i>\u00a0<\/i><\/b><\/span><\/div>\n<div><span style=\"color: red; font-family: Ubuntu; font-size: medium;\"><b><i>\u00a0<\/i><\/b><\/span><\/div>\n<div><span style=\"color: red; font-family: Ubuntu; font-size: medium;\"><b><i>\u00a0<\/i><\/b><\/span><\/div>\n<div>\n<div style=\"font-style: italic; text-align: center;\">\u2014\u2014\u2014\u2014\u2014\u2014\u2014\u2014\u2014\u2014\u2014\u2014 \uff08\uffe3\ufe36\uffe3\uff09\u2197 \u2014\u2014\u2014\u2014\u2014\u2014\u2014\u2014\u2014\u2014\u2014\u2014\u3000<\/div>\n<div style=\"color: #cc0000; text-align: center;\"><b>\u00a0<\/b><\/div>\n<div style=\"color: #cc0000; text-align: center;\"><b>\u00a0<\/b><\/div>\n<div style=\"color: #cc0000; text-align: center;\"><b>\u00a0<\/b><\/div>\n<div style=\"text-align: center;\"><b><span style=\"color: #351c75;\">\ud83d\udc9fRecuerden que los libros que aparezcan en\u00a0<\/span><span style=\"color: red;\">rojo<\/span><span style=\"color: #351c75;\">\u00a0es porque aun no esta disponible, se actualizar\u00e1n a medida que los consiga y los suba al blog.<\/span><\/b><\/div>\n<\/div>\n","protected":false},"excerpt":{"rendered":"<p>&nbsp; \u00a0 ORDEN DE LECTURA NEW MAFIA WORLD \u00a0 (Ultima actualizaci\u00f3n 20\/12\/2025) \u00a0 \u00a0 \ud83d\udce2 Aqu\u00ed no se traduce ning\u00fan libro, no nos hacemos responsables de la manera en que son traducidos o corregidos por las personas o grupos que comparten el contenido. \u00a0 \ud83d\udcd7Si se agregan mas o cuando ya sean publicados en el [&hellip;]<\/p>\n","protected":false},"author":1,"featured_media":0,"parent":0,"menu_order":0,"comment_status":"closed","ping_status":"closed","template":"","meta":{"footnotes":""},"class_list":["post-881","page","type-page","status-publish","hentry"],"_links":{"self":[{"href":"https:\/\/mundoletroso.com.ar\/blog\/wp-json\/wp\/v2\/pages\/881","targetHints":{"allow":["GET"]}}],"collection":[{"href":"https:\/\/mundoletroso.com.ar\/blog\/wp-json\/wp\/v2\/pages"}],"about":[{"href":"https:\/\/mundoletroso.com.ar\/blog\/wp-json\/wp\/v2\/types\/page"}],"author":[{"embeddable":true,"href":"https:\/\/mundoletroso.com.ar\/blog\/wp-json\/wp\/v2\/users\/1"}],"replies":[{"embeddable":true,"href":"https:\/\/mundoletroso.com.ar\/blog\/wp-json\/wp\/v2\/comments?post=881"}],"version-history":[{"count":4,"href":"https:\/\/mundoletroso.com.ar\/blog\/wp-json\/wp\/v2\/pages\/881\/revisions"}],"predecessor-version":[{"id":3312,"href":"https:\/\/mundoletroso.com.ar\/blog\/wp-json\/wp\/v2\/pages\/881\/revisions\/3312"}],"wp:attachment":[{"href":"https:\/\/mundoletroso.com.ar\/blog\/wp-json\/wp\/v2\/media?parent=881"}],"curies":[{"name":"wp","href":"https:\/\/api.w.org\/{rel}","templated":true}]}}