{"id":3683,"date":"2026-04-12T22:20:37","date_gmt":"2026-04-13T01:20:37","guid":{"rendered":"https:\/\/mundoletroso.com.ar\/blog\/?page_id=3683"},"modified":"2026-04-23T11:06:21","modified_gmt":"2026-04-23T14:06:21","slug":"orden-de-lectura-universo-rinaverse_rina-kent","status":"publish","type":"page","link":"https:\/\/mundoletroso.com.ar\/blog\/orden-de-lectura-universo-rinaverse_rina-kent\/","title":{"rendered":"[Orden de lectura] Universo Rinaverse _ Rina Kent \/ Abril 2026"},"content":{"rendered":"<div dir=\"ltr\">\n<div><img loading=\"lazy\" decoding=\"async\" class=\"aligncenter \" src=\"https:\/\/i.postimg.cc\/NFMTd1V7\/UR_RK.png\" width=\"602\" height=\"339\" \/><\/div>\n<div>\u00a0<\/div>\n<div style=\"text-align: center;\"><span style=\"color: #ed61a7;\"><strong><span style=\"font-family: 'Barlow Condensed'; font-size: 25px;\"><u>ORDEN DE LECTURA<br \/>\nRINAVERSE<\/u><\/span><\/strong><\/span><\/div>\n<div><b>\u00a0<\/b><\/div>\n<div>\n<p class=\"alert alert-info\" style=\"text-align: center;\"><span style=\"background-color: #b5ead7;\"><em><span style=\"font-family: 'News Cycle';\">(Ultima actualizaci\u00f3n 12\/04\/2026)<\/span><\/em><\/span><\/p>\n<\/div>\n<\/div>\n<div>\u00a0<\/div>\n<div>\n<div><span style=\"font-family: Kalam; font-size: 18px;\">\ud83d\udce2 Aqu\u00ed no se traduce ning\u00fan libro, no nos hacemos responsables de la manera en que son traducidos o corregidos por las personas o grupos que comparten el contenido.<\/span><\/div>\n<div>\u00a0<\/div>\n<div><span style=\"font-family: Kalam; font-size: 18px;\">\ud83d\udcd7Si se agregan mas o cuando ya sean publicados en el blog\u2026 aqu\u00ed se actualizar\u00e1 la informaci\u00f3n.\u00a0<\/span><\/div>\n<\/div>\n<div>\u00a0<\/div>\n<div>\n<div><span style=\"font-family: Kalam; color: #a2d2ff; font-size: 18px;\"><b>[Recuerden, los libros en <span style=\"color: #ff0000;\">rojo<\/span> son libros que no tenemos aun en el blog]<\/b><\/span><\/div>\n<\/div>\n<div>\u00a0<\/div>\n<div>\u00a0<\/div>\n<div><span style=\"font-family: Kalam; font-size: 20px; color: #ed61a7;\"><b><span style=\"text-decoration: underline;\">Series que componen<\/span>:<\/b><\/span><\/div>\n<div>\u00a0<\/div>\n<ul>\n<li><a href=\"https:\/\/mundoletroso.com.ar\/blog\/the-rhodes_rina-kent\/\" target=\"_blank\" rel=\"noopener\"><span style=\"font-family: Kalam; font-size: 19px;\">The Rodhes<\/span><\/a><\/li>\n<li><a href=\"https:\/\/mundoletroso.com.ar\/blog\/team-zero_rina-kent\/\" target=\"_blank\" rel=\"noopener\"><span style=\"font-family: Kalam; font-size: 19px;\">Team Zero<\/span><\/a><\/li>\n<li><a href=\"https:\/\/mundoletroso.com.ar\/blog\/royal-elite_rina-kent\/\" target=\"_blank\" rel=\"noopener\"><span style=\"font-family: Kalam; font-size: 19px;\">Royal Elite<\/span><\/a><\/li>\n<li><a href=\"https:\/\/mundoletroso.com.ar\/blog\/kingdom-duet_rina-kent\/\" target=\"_blank\" rel=\"noopener\"><span style=\"font-family: Kalam; font-size: 19px;\">Kingdom Duet<\/span><\/a><\/li>\n<li><a href=\"https:\/\/mundoletroso.com.ar\/blog\/lies-truths-duet_rina-kent\/\" target=\"_blank\" rel=\"noopener\"><span style=\"font-family: Kalam; font-size: 19px;\">Lies &amp; Truths Duet<\/span><\/a><\/li>\n<li><a href=\"https:\/\/mundoletroso.com.ar\/blog\/throne-duet_rina-kent\/\" target=\"_blank\" rel=\"noopener\"><span style=\"font-family: Kalam; font-size: 19px;\">Throne Duet<\/span><\/a><\/li>\n<li><a href=\"https:\/\/mundoletroso.com.ar\/blog\/thorns-duet_rina-kent\/\" target=\"_blank\" rel=\"noopener\"><span style=\"font-family: Kalam; font-size: 19px;\">Thorns Duet<\/span><\/a><\/li>\n<li><a href=\"https:\/\/mundoletroso.com.ar\/blog\/empire_rina-kent\/\" target=\"_blank\" rel=\"noopener\"><span style=\"font-family: Kalam; font-size: 19px;\">Empire<\/span><\/a><\/li>\n<li><a href=\"https:\/\/mundoletroso.com.ar\/blog\/deception-trilogy_rina-kent\/\" target=\"_blank\" rel=\"noopener\"><span style=\"font-family: Kalam; font-size: 19px;\">Deception Trilogy<\/span><\/a><\/li>\n<li><a href=\"https:\/\/mundoletroso.com.ar\/blog\/monster-trilogy_rina-kent\/\" target=\"_blank\" rel=\"noopener\"><span style=\"font-family: Kalam; font-size: 19px;\">Monster Trilogy<\/span><\/a><\/li>\n<li><a href=\"https:\/\/mundoletroso.com.ar\/blog\/legacy-of-gods-_-rina-kent-%e2%81%9d-universo-rinaverse-9\/\" target=\"_blank\" rel=\"noopener\"><span style=\"font-family: Kalam; font-size: 19px;\">Legacy of God<\/span><\/a><\/li>\n<li><a href=\"https:\/\/mundoletroso.com.ar\/blog\/villain_rina-kent\/\" target=\"_blank\" rel=\"noopener\"><span style=\"font-family: Kalam; font-size: 19px;\">Villain<\/span><\/a><\/li>\n<li><a href=\"https:\/\/mundoletroso.com.ar\/blog\/viper_rina-kent\/\" target=\"_blank\" rel=\"noopener\"><span style=\"font-family: Kalam; font-size: 19px;\">Viper<\/span><\/a><\/li>\n<\/ul>\n<p>&nbsp;<\/p>\n<p>&nbsp;<\/p>\n<p><span style=\"font-family: Catamaran;\"><span style=\"color: #a2d2ff;\"><strong><span style=\"font-size: 19px;\">0 \u2192 The Rodhes<\/span><\/strong><\/span> <span style=\"font-size: 13px;\"><em>(En pausa indefinidamente).<\/em><\/span><\/span><br \/>\n<span style=\"font-family: Catamaran; font-size: 17px;\">Remorse<\/span><br \/>\n<span style=\"font-family: Catamaran; font-size: 17px;\">Ruin<\/span><\/p>\n<p><span style=\"font-family: Catamaran;\"><span style=\"color: #a2d2ff;\"><strong><span style=\"font-size: 19px;\">0.5 \u2192 Team Zero<\/span><\/strong><\/span> <em><span style=\"font-size: 13px;\">(<\/span><span style=\"font-size: 13px;\"><em>R<\/em>etirada de la venta <\/span><span style=\"font-size: 13px;\"><em>por la autora, no descarta re escribirla en alg\u00fan momento<\/em>).<\/span><\/em><\/span><\/p>\n<p><span style=\"font-family: Catamaran; font-size: 17px;\">Lured<\/span><br \/>\n<span style=\"font-family: Catamaran; font-size: 17px;\">Crowed<\/span><br \/>\n<span style=\"font-family: Catamaran; font-size: 17px;\">Ghosted<\/span><br \/>\n<span style=\"font-family: Catamaran; font-size: 17px;\">Shadowed<\/span><br \/>\n<span style=\"font-family: Catamaran; font-size: 17px;\">Misted<\/span><\/p>\n<p>&nbsp;<\/p>\n<p><span style=\"font-family: Catamaran; color: #a2d2ff;\"><strong><span style=\"font-size: 19px;\">1 \u2192 Royal Elite<\/span><\/strong><\/span><\/p>\n<p><span style=\"font-family: Catamaran; font-size: 17px;\">Cruel King<\/span><br \/>\n<span style=\"font-family: Catamaran; font-size: 17px;\">Deviant King<\/span><br \/>\n<span style=\"font-family: Catamaran; font-size: 17px;\">Steel Princess<\/span><br \/>\n<span style=\"font-family: Catamaran; font-size: 17px;\">Twisted Kingdom<\/span><br \/>\n<span style=\"font-family: Catamaran; font-size: 17px;\">Black Knight<\/span><br \/>\n<span style=\"font-family: Catamaran; font-size: 17px;\">Vicious Prince<\/span><br \/>\n<span style=\"font-family: Catamaran; font-size: 17px;\">Ruthless Empire<\/span><br \/>\n<span style=\"font-family: Catamaran; font-size: 17px;\">Royal Elite Epilogue<\/span><\/p>\n<p>&nbsp;<\/p>\n<p><span style=\"font-family: Catamaran; color: #a2d2ff;\"><strong><span style=\"font-size: 19px;\">2 \u2192 Kingdom Duet<\/span><\/strong><\/span><\/p>\n<p><span style=\"font-family: Catamaran; font-size: 17px;\">Reign of a King<\/span><br \/>\n<span style=\"font-family: Catamaran; font-size: 17px;\">Rise of a Queen<\/span><\/p>\n<p>&nbsp;<\/p>\n<p><span style=\"font-family: Catamaran; color: #a2d2ff;\"><strong><span style=\"font-size: 19px;\">3 \u2192 Lies &amp; Truths Duet<\/span><\/strong><\/span><\/p>\n<p><span style=\"font-family: Catamaran; font-size: 17px;\">All the Lies<\/span><br \/>\n<span style=\"font-family: Catamaran; font-size: 17px;\">All the Truths<\/span><\/p>\n<p>&nbsp;<\/p>\n<p><span style=\"font-family: Catamaran; color: #a2d2ff;\"><strong><span style=\"font-size: 19px;\">4\u2192 Throne Duet<\/span><\/strong><\/span><\/p>\n<p><span style=\"font-family: Catamaran; font-size: 17px;\">Throne of Power<\/span><br \/>\n<span style=\"font-family: Catamaran; font-size: 17px;\">Throne of Vengeance<\/span><\/p>\n<p>&nbsp;<\/p>\n<p><span style=\"font-family: Catamaran; color: #a2d2ff;\"><strong><span style=\"font-size: 19px;\">5\u2192 Thorns Duet<\/span><\/strong><\/span><\/p>\n<p><span style=\"font-family: Catamaran; font-size: 17px;\">Red Thorns<\/span><br \/>\n<span style=\"font-family: Catamaran; font-size: 17px;\">Black Thorns<\/span><\/p>\n<p>&nbsp;<\/p>\n<p><span style=\"font-family: Catamaran; color: #a2d2ff;\"><strong><span style=\"font-size: 19px;\">6\u2192 Empire<\/span><\/strong><\/span><\/p>\n<p><span style=\"font-family: Catamaran; font-size: 17px;\">Empire of Desire<\/span><br \/>\n<span style=\"font-family: Catamaran; font-size: 17px;\">Empire of Sin<\/span><br \/>\n<span style=\"font-family: Catamaran; font-size: 17px;\">Empire of Hate<\/span><br \/>\n<span style=\"font-family: Catamaran; font-size: 17px;\">Empire of Lust<\/span><\/p>\n<p>&nbsp;<\/p>\n<p><span style=\"font-family: Catamaran; color: #a2d2ff;\"><strong><span style=\"font-size: 19px;\">7\u2192 Deception Trilogy<\/span><\/strong><\/span><\/p>\n<p><span style=\"font-family: Catamaran; font-size: 17px;\">Vow of Deception<\/span><br \/>\n<span style=\"font-family: Catamaran; font-size: 17px;\">Tempted by Deception<\/span><br \/>\n<span style=\"font-family: Catamaran; font-size: 17px;\">Consumed by Deception<\/span><\/p>\n<p>&nbsp;<\/p>\n<p><span style=\"font-family: Catamaran; color: #a2d2ff;\"><strong><span style=\"font-size: 19px;\">8\u2192 Monster Trilogy<\/span><\/strong><\/span><\/p>\n<p><span style=\"font-family: Catamaran; font-size: 17px;\">Blood of My Monster<\/span><br \/>\n<span style=\"font-family: Catamaran; font-size: 17px;\">Lies of My Monster<\/span><br \/>\n<span style=\"font-family: Catamaran; font-size: 17px;\">Heart of My Monster<\/span><\/p>\n<p>&nbsp;<\/p>\n<p><span style=\"font-family: Catamaran; color: #a2d2ff;\"><strong><span style=\"font-size: 19px;\">9 \u2192 Legacy of Gods<\/span><\/strong><\/span><\/p>\n<p><span style=\"font-family: Catamaran; font-size: 17px;\">1. God of Malice<\/span><br \/>\n<span style=\"font-family: Catamaran; font-size: 17px;\">2. God of Pain<\/span><br \/>\n<span style=\"font-family: Catamaran; font-size: 17px;\">3. God of Wrath<\/span><br \/>\n<span style=\"font-family: Catamaran; font-size: 17px;\">4. God of Ruin<\/span><br \/>\n<span style=\"font-family: Catamaran; font-size: 17px;\">5. God of Fury<\/span><br \/>\n<span style=\"font-family: Catamaran; font-size: 17px;\">6. God of War<\/span><\/p>\n<p>&nbsp;<\/p>\n<p><span style=\"font-family: Catamaran; color: #a2d2ff;\"><strong><span style=\"font-size: 19px;\">10\u2192 Villain<\/span><\/strong><\/span><\/p>\n<p><span style=\"font-family: Catamaran; font-size: 17px;\">Kiss the Villain<\/span><br \/>\n<span style=\"font-family: Catamaran; font-size: 17px;\">Hunt the Villain<\/span><br \/>\n<span style=\"color: #ff0000;\"><em><strong><span style=\"font-family: Catamaran; font-size: 17px;\">Crave the Villain<\/span><\/strong><\/em><\/span><\/p>\n<p>&nbsp;<\/p>\n<p><span style=\"font-family: Catamaran; color: #a2d2ff;\"><strong><span style=\"font-size: 19px;\">11\u2192 Viper<\/span><\/strong><\/span><\/p>\n<p><span style=\"font-family: Catamaran; font-size: 17px;\">Beautiful Venom<\/span><br \/>\n<span style=\"font-family: Catamaran; font-size: 17px;\">Sweet Venom<\/span><br \/>\n<em><strong><span style=\"font-family: Catamaran; font-size: 17px; color: #ff0000;\">Tempting Venom<\/span><\/strong><\/em><\/p>\n<p>&nbsp;<\/p>\n<p>&nbsp;<\/p>\n","protected":false},"excerpt":{"rendered":"<p>\u00a0 ORDEN DE LECTURA RINAVERSE \u00a0 (Ultima actualizaci\u00f3n 12\/04\/2026) \u00a0 \ud83d\udce2 Aqu\u00ed no se traduce ning\u00fan libro, no nos hacemos responsables de la manera en que son traducidos o corregidos por las personas o grupos que comparten el contenido. \u00a0 \ud83d\udcd7Si se agregan mas o cuando ya sean publicados en el blog\u2026 aqu\u00ed se actualizar\u00e1 [&hellip;]<\/p>\n","protected":false},"author":1,"featured_media":0,"parent":0,"menu_order":0,"comment_status":"closed","ping_status":"closed","template":"","meta":{"footnotes":""},"class_list":["post-3683","page","type-page","status-publish","hentry"],"_links":{"self":[{"href":"https:\/\/mundoletroso.com.ar\/blog\/wp-json\/wp\/v2\/pages\/3683","targetHints":{"allow":["GET"]}}],"collection":[{"href":"https:\/\/mundoletroso.com.ar\/blog\/wp-json\/wp\/v2\/pages"}],"about":[{"href":"https:\/\/mundoletroso.com.ar\/blog\/wp-json\/wp\/v2\/types\/page"}],"author":[{"embeddable":true,"href":"https:\/\/mundoletroso.com.ar\/blog\/wp-json\/wp\/v2\/users\/1"}],"replies":[{"embeddable":true,"href":"https:\/\/mundoletroso.com.ar\/blog\/wp-json\/wp\/v2\/comments?post=3683"}],"version-history":[{"count":7,"href":"https:\/\/mundoletroso.com.ar\/blog\/wp-json\/wp\/v2\/pages\/3683\/revisions"}],"predecessor-version":[{"id":3729,"href":"https:\/\/mundoletroso.com.ar\/blog\/wp-json\/wp\/v2\/pages\/3683\/revisions\/3729"}],"wp:attachment":[{"href":"https:\/\/mundoletroso.com.ar\/blog\/wp-json\/wp\/v2\/media?parent=3683"}],"curies":[{"name":"wp","href":"https:\/\/api.w.org\/{rel}","templated":true}]}}