{"id":3567,"date":"2026-03-08T19:38:52","date_gmt":"2026-03-08T22:38:52","guid":{"rendered":"https:\/\/mundoletroso.com.ar\/blog\/?page_id=3567"},"modified":"2026-03-10T08:20:48","modified_gmt":"2026-03-10T11:20:48","slug":"orden-de-lectura-universo-st-monarchs_michelle-heard","status":"publish","type":"page","link":"https:\/\/mundoletroso.com.ar\/blog\/orden-de-lectura-universo-st-monarchs_michelle-heard\/","title":{"rendered":"[Orden de Lectura] Universo St. Monarch\u2019s _ Michelle Heard \u223d Marzo 2026"},"content":{"rendered":"<p><img loading=\"lazy\" decoding=\"async\" class=\"aligncenter \" src=\"https:\/\/i.postimg.cc\/mrqMsfDv\/USM_MH.png\" width=\"586\" height=\"330\" \/><\/p>\n<p>&nbsp;<\/p>\n<div style=\"text-align: center;\"><span style=\"font-size: 12px; font-family: Catamaran; color: #a2d2ff;\"><b><i>\u00daltima actualizaci\u00f3n: 8\/03\/2026<\/i><\/b><\/span><\/div>\n<div>\u00a0<\/div>\n<p style=\"text-align: center;\"><span style=\"color: #ed61a7;\"><strong><span style=\"font-family: Catamaran; font-size: 30px;\">Universo St. Monarch\u2019s<\/p>\n<p><\/span><\/strong><\/span><\/p>\n<p><span style=\"font-family: Catamaran; font-size: 13px;\">\u2022 Ir\u00e9 actualizando a medida que est\u00e9n de manera oficial y vaya publicando sus traducciones en el blog.<\/span><br \/>\n<span style=\"font-family: Catamaran; font-size: 13px;\">\u2022 Recuerden que si quieren colaborar y compartir estos o cualquier otro libro pueden hacerlo libremente solo deber\u00e1n envi\u00e1rmelo exclusivamente por nuestro correo electr\u00f3nico, no se preocupen si deben enviar varios mensajes porque s\u00e9 que todos tienen limites de capacidad&#8230; mundoletroso@outlook.com<\/span><\/p>\n<p>&nbsp;<\/p>\n<p><span style=\"font-family: 'Caveat Brush'; font-size: 19px; color: #ffb7c5;\"><strong>Este Universo esta conformado por las siguientes Series:<\/strong><\/span><\/p>\n<p>&nbsp;<\/p>\n<ul>\n<li><a href=\"https:\/\/mundoletroso.com.ar\/blog\/the-saints_michelle-heard-universo-st-monarchs\/\" target=\"_blank\" rel=\"noopener\"><span style=\"font-family: Catamaran; font-size: 17px;\">The Saints<\/span><\/a><\/li>\n<li><a href=\"https:\/\/mundoletroso.com.ar\/blog\/the-sinners_michelle-heard-%E2%81%9D-universo-st-monarchs\/\" target=\"_blank\" rel=\"noopener\"><span style=\"font-family: Catamaran; font-size: 17px;\">The Sinners<\/span><\/a><\/li>\n<li><a href=\"https:\/\/mundoletroso.com.ar\/blog\/corrupted-royals_michelle-heard-%E2%81%9D-universo-st-monarchs\/\" target=\"_blank\" rel=\"noopener\"><span style=\"font-family: Catamaran; font-size: 17px;\">Corrupted Royals<\/span><\/a><\/li>\n<\/ul>\n<p>&nbsp;<\/p>\n<p><span style=\"color: #b5ead7; font-size: 20px;\"><strong><span style=\"font-family: Catamaran;\">\u2728 <span style=\"text-decoration: underline;\">Orden de lectura<\/span> \u21b4<\/span><\/strong><\/span><\/p>\n<p>&nbsp;<\/p>\n<p><strong><span style=\"font-family: Catamaran; font-size: 18px;\">1 \u2192 The Saints<\/span><\/strong><\/p>\n<ol>\n<li><span style=\"font-family: Catamaran; font-size: 18px;\">Merciless Saints<\/span><\/li>\n<li><span style=\"font-family: Catamaran; font-size: 18px;\">Cruel Saints<\/span><\/li>\n<li><span style=\"font-family: Catamaran; font-size: 18px;\">Ruthless Saints<\/span><\/li>\n<li><span style=\"font-family: Catamaran; font-size: 18px;\">Tears of Betrayal<\/span><\/li>\n<li><span style=\"font-family: Catamaran; font-size: 18px;\">Tears of Salvation<\/span><\/li>\n<\/ol>\n<p>&nbsp;<\/p>\n<p><span style=\"font-family: Catamaran; font-size: 18px;\"><strong>2 \u2192 The Sinners<\/strong><\/span><\/p>\n<ol>\n<li><span style=\"font-family: Catamaran; font-size: 18px;\">\u00a0Taken by a Sinner<\/span><\/li>\n<li><span style=\"font-family: Catamaran; font-size: 18px;\">\u00a0Owned by a Sinner<\/span><\/li>\n<li><span style=\"font-family: Catamaran; font-size: 18px;\">\u00a0Stolen by a Sinner<\/span><\/li>\n<li><span style=\"font-family: Catamaran; font-size: 18px;\">\u00a0Chosen by a Sinner<\/span><\/li>\n<li><span style=\"font-family: Catamaran; font-size: 18px;\">\u00a0Captured by a Sinner<\/span><\/li>\n<\/ol>\n<p>&nbsp;<\/p>\n<p><span style=\"font-family: Catamaran; font-size: 18px;\"><strong>3 \u2192 Corrupted Royals<\/strong><\/span><\/p>\n<ol>\n<li><span style=\"font-family: Catamaran; font-size: 18px;\">Destroy Me<\/span><\/li>\n<li><span style=\"font-family: Catamaran; font-size: 18px;\">Control Me<\/span><\/li>\n<li><span style=\"font-family: Catamaran; font-size: 18px;\">Brutalize Me<\/span><\/li>\n<li><span style=\"font-family: Catamaran; font-size: 18px;\">Restrain Me<\/span><\/li>\n<li><span style=\"font-family: Catamaran; font-size: 18px;\">Possess Me<\/span><\/li>\n<\/ol>\n<p>&nbsp;<\/p>\n<p>&nbsp;<\/p>\n<p>&nbsp;<\/p>\n<p><span style=\"font-family: Catamaran;\">Lo marcado en\u00a0<span style=\"color: #ff0000;\"><b>ROJO<\/b><\/span>\u00a0es que no esta\u00a0<u>todav\u00eda<\/u>\u00a0disponible en el blog.<\/span><\/p>\n","protected":false},"excerpt":{"rendered":"<p>&nbsp; \u00daltima actualizaci\u00f3n: 8\/03\/2026 \u00a0 Universo St. Monarch\u2019s \u2022 Ir\u00e9 actualizando a medida que est\u00e9n de manera oficial y vaya publicando sus traducciones en el blog. \u2022 Recuerden que si quieren colaborar y compartir estos o cualquier otro libro pueden hacerlo libremente solo deber\u00e1n envi\u00e1rmelo exclusivamente por nuestro correo electr\u00f3nico, no se preocupen si deben [&hellip;]<\/p>\n","protected":false},"author":1,"featured_media":0,"parent":0,"menu_order":0,"comment_status":"closed","ping_status":"closed","template":"","meta":{"footnotes":""},"class_list":["post-3567","page","type-page","status-publish","hentry"],"_links":{"self":[{"href":"https:\/\/mundoletroso.com.ar\/blog\/wp-json\/wp\/v2\/pages\/3567","targetHints":{"allow":["GET"]}}],"collection":[{"href":"https:\/\/mundoletroso.com.ar\/blog\/wp-json\/wp\/v2\/pages"}],"about":[{"href":"https:\/\/mundoletroso.com.ar\/blog\/wp-json\/wp\/v2\/types\/page"}],"author":[{"embeddable":true,"href":"https:\/\/mundoletroso.com.ar\/blog\/wp-json\/wp\/v2\/users\/1"}],"replies":[{"embeddable":true,"href":"https:\/\/mundoletroso.com.ar\/blog\/wp-json\/wp\/v2\/comments?post=3567"}],"version-history":[{"count":6,"href":"https:\/\/mundoletroso.com.ar\/blog\/wp-json\/wp\/v2\/pages\/3567\/revisions"}],"predecessor-version":[{"id":3585,"href":"https:\/\/mundoletroso.com.ar\/blog\/wp-json\/wp\/v2\/pages\/3567\/revisions\/3585"}],"wp:attachment":[{"href":"https:\/\/mundoletroso.com.ar\/blog\/wp-json\/wp\/v2\/media?parent=3567"}],"curies":[{"name":"wp","href":"https:\/\/api.w.org\/{rel}","templated":true}]}}